ppose 364 = 3*w + 4*w. Suppose 302 = 5*j + w. What is the remainder when j is divided by 2*(85/2)/5?
16
Let j = 6947 - 6788. Let q = -22 - -62. What is the remainder when j is divided by q?
39
Suppose 0 = -0*r - 5*r - 10, 0 = m - 3*r - 20. Let v = 29 - m. Let j = 224 - 220. Calculate the remainder when v is divided by j.
3
Suppose 3*c + 4*o - 1088 = 0, -2*o + o = -4*c + 1476. What is the remainder when c is divided by 12?
8
Suppose 3*l + 455 = 4*d, -5*d - 5*l - 38 = -598. Let a = -91 + d. Calculate the remainder when 61 is divided by a.
17
Suppose 123 = 4*i + 19. Calculate the remainder when 90 is divided by i.
12
Let i be 50/8 - 21/(-28). Let k = i + -3. Let n(t) = t + 1. Calculate the remainder when 17 is divided by n(k).
2
Let r(d) = 7*d**2 - 16*d**2 + 4 + 3*d**2 + 9*d**2 + 2*d. What is the remainder when 72 is divided by r(-3)?
22
Let u be 1/(-2)*2 - -5. Suppose -30*p + 88 = -8*p. Suppose p*j + u = 24. What is the remainder when 19 is divided by j?
4
Let m(x) = 34*x**2 - 2*x + 2. Let v be m(1). Let s = v + -24. What is the remainder when 38 is divided by s?
8
Suppose 0 = -r - v + 24, -5*r + 6*v = 3*v - 96. What is the remainder when 78 is divided by r?
15
Suppose 12 = 4*a - 5*h, 2*h - 3 + 0 = -a. Calculate the remainder when 17 is divided by a.
2
Suppose -15*b = -11*b. Suppose 2*h = -b*h + 44. What is the remainder when 65 is divided by h?
21
Let a = 47 + -44. Suppose a*k - 22 = k. Calculate the remainder when 53 is divided by k.
9
Let d(y) = y**2 - 1. Let l be d(-2). Let b(u) = 7*u + 2. Let f = -34076 - -34084. Calculate the remainder when b(l) is divided by f.
7
Suppose 0*y - 3*y + 12 = 0. Suppose -y*d = -d - 48. What is the remainder when 3*-2*(-31)/3 is divided by d?
14
Let q = -13 - -15. Let s be 0*(q + -3 - -2). Suppose -2*b - 8 = -3*j, 4*j - 2*b - 7 - 7 = s. Calculate the remainder when j is divided by 4.
2
Let b be (1 - (1 + -33))*(2 + -1). Suppose 4*u + b = 49. Let x(k) = k**2 - 3*k - 3. Calculate the remainder when x(6) is divided by u.
3
Let b = 1530 - 616. Calculate the remainder when b is divided by 115.
109
Suppose -4*u + 4*w + 1018 = -w, -u - 2*w + 261 = 0. Calculate the remainder when u is divided by 141.
116
Suppose 3*q - 38 = q. Let y(u) = 14*u**2 + 3*u - 9. Suppose -235*f - 2 = -236*f. Calculate the remainder when y(f) is divided by q.
15
Suppose -17*f = -23*f + 264. Calculate the remainder when f is divided by 5.
4
Let p(o) be the second derivative of o**4/12 + 2*o**3 - 15*o**2/2 - 22*o. What is the remainder when 59 is divided by p(-15)?
29
Let d = -21 + 21. Suppose d*h + 2*h - 152 = -5*j, -h - 68 = -2*j. Calculate the remainder when 126 is divided by j.
30
Let m = 12 + -10. Suppose 12 = 3*c - 5*d, -3*c = -m*d - 16 - 5. What is the remainder when (-33)/22*22/(-1) is divided by c?
6
Let f(v) be the first derivative of -v**4/4 + v**3 + v**2 + 5*v - 11. Calculate the remainder when 42 is divided by f(3).
9
Let i = 12 - 26. Let d(o) = o + 27. Calculate the remainder when d(i) is divided by 5.
3
Let s(d) = d**3 - 6*d**2. Suppose 5*b + b = 204. Suppose 0 = 38*y - b*y - 52. Calculate the remainder when s(7) is divided by y.
10
Suppose -7 = -4*p - 3. Let n(z) = -6*z**2 - 2*z**3 + 5 + z**3 + 2*z**3 + p - 6*z. Calculate the remainder when n(7) is divided by 7.
6
Suppose 226 = -12*h + 1750. Calculate the remainder when 223 is divided by h.
96
Let m = 13 + -7. Let j = -8 - -12. What is the remainder when 56/m*(-27)/(-18) is divided by j?
2
Let w = -6 - -19. Suppose -30*c + 28*c + 262 = 4*s, -20 = -4*c. Calculate the remainder when s is divided by w.
11
Let j = 451 + -414. What is the remainder when 43 is divided by j?
6
Let d = -4 + 10. Suppose 25 = -0*h + 5*h. Calculate the remainder when (-18)/(-27) + 98/d is divided by h.
2
Let r = -52 - -65. Let h be 35 + (4 - 1) - 3. Calculate the remainder when 1320/h - 2/(-7) is divided by r.
12
Let v(b) = -b + 1. Let d = 1 - 7. Let z(n) = -n**3 - 4*n**2 + 4*n. Calculate the remainder when z(d) is divided by v(-16).
14
Let l(x) = x + 45. What is the remainder when 191 is divided by l(14)?
14
Let s(m) = -2*m + 5. Let u be s(6). Let h = 3 + u. Calculate the remainder when 47 is divided by ((-1 - h) + -15)*-1.
11
Suppose 414*x + 1362 = 10884. Calculate the remainder when 1/4 + (-451)/(-4) is divided by x.
21
Suppose 11*d - 2 - 53 = 0. Let r(g) = -g**3 + 7*g**2 - g - 1. What is the remainder when r(d) is divided by 24?
20
Suppose 0 = -3*p - 2*s + 120, -194*p = -190*p - 3*s - 177. Calculate the remainder when 76 is divided by p.
34
Suppose -6*p = -725 + 263. Suppose -i - 3*o + 27 = -13, 3*i - 120 = -3*o. Calculate the remainder when p is divided by i.
37
Let v(b) = -b**2 + 10*b + 10. Let c be (2/5)/(4/20). Let n be (-6 + 2)*(-5)/c. Calculate the remainder when v(n) is divided by 6.
4
Calculate the remainder when 113 is divided by (222/9)/((-6)/(-27)).
2
Suppose 0 = 19*p + 246*p + 4076 - 10701. Suppose 0 = 3*y - 89 - 58. What is the remainder when y is divided by p?
24
Let r = 140 + -212. Suppose 5*d + 84 = -6*o + 3*o, 3*o + 2*d + 84 = 0. What is the remainder when 3 + 7/(o/r) is divided by 8?
5
Let w = 1165 + -1093. What is the remainder when 197 is divided by w?
53
Suppose 822*o - 825*o = -237. What is the remainder when 546 is divided by o?
72
Let u(b) = 2*b**2 + 11*b + 22. Let o be u(-8). Calculate the remainder when 51 is divided by 496/o*(-1 + 17/4).
25
Suppose 2*g + 3*b - 16 = 0, 4*g + b - 26 = -2*b. Suppose -g*j = 6*j - 121. What is the remainder when 32 is divided by j?
10
Let z = -616 + 654. Calculate the remainder when z is divided by 14.
10
Let p(q) = -5 + q + 17 + 7. Calculate the remainder when p(-10) is divided by 4.
1
Let d be 4/(-3)*(-21)/(-2). Suppose 5*g = 4*g + 2*o + 27, 2*g = -4*o + 46. Let k = d + g. What is the remainder when 42 is divided by k?
9
Let n be (32/48)/(2/(-12)). Let u(j) = j**2 + 7*j + 3. Let i be u(n). What is the remainder when (-30)/(-2) - (7 + i) is divided by 9?
8
Suppose 0 = -180*h + 179*h + 12. Let s = -1 - -1. Let g = h - s. Calculate the remainder when 45 is divided by g.
9
Suppose -2*k + 35 = -5*y, 3*k = -y + 13 - 3. Let u(o) = 4*o**2 + 12*o + 6. Calculate the remainder when u(y) is divided by 12.
10
Let i(g) = -8*g - 2. Calculate the remainder when 148 is divided by i(-1).
4
Let u(s) = 2. Let z(h) = -h - 12. Let f(j) = -14*u(j) - 2*z(j). Let b be f(-4). Calculate the remainder when 1/(b/80)*-3 is divided by 8.
4
Let g = -24 - -29. Suppose -2*j = g*z - 27, 0 = 4*z - 2*j - 3*j - 48. Let x(a) = a - 4. What is the remainder when 13 is divided by x(z)?
1
Suppose 4*y + 4*m = 312, -7*y = -11*y + 2*m + 282. Calculate the remainder when y is divided by 38.
35
Let g be (-8 - 53)/(-2 + 3). Let p = -24 - g. Calculate the remainder when p is divided by 11.
4
Calculate the remainder when (372/(-9))/(8/(-96)) is divided by 162.
10
Let i(w) = w**3 + 9*w**2 - 44*w. What is the remainder when i(7) is divided by 16?
12
Let u be 2 + (1 - (7 + -3)). What is the remainder when 45 is divided by 16 + u + -8 + 9?
13
Let l = 75 - 20. Calculate the remainder when l is divided by 2280/150 + 1/(-5).
10
What is the remainder when (-3984)/(-208) + -19 - (-724)/26 is divided by 26?
2
Suppose -78*o = -90*o + 2388. What is the remainder when o is divided by 70?
59
Let t(u) = -7*u**2 + 87*u - 1. Calculate the remainder when t(9) is divided by 74.
67
Let d(s) be the third derivative of -s**5/60 - s**4/24 + 2*s**3/3 - 2*s**2. Let r = 7 + -5. What is the remainder when d(0) is divided by r?
0
Let m = 348 + -40. Calculate the remainder when m is divided by 26.
22
Suppose j - 5*j + 16 = 0. Suppose -3*s = 0, -j*s - 32 = -2*h + s. Calculate the remainder when 62 is divided by h.
14
Suppose 718 - 2104 = -22*o. Calculate the remainder when 233 is divided by o.
44
Let l = -16 - 3. Let c = -17 - l. Suppose -3*g - 3*r + 8*r = -51, -3*g + c*r = -51. What is the remainder when 33 is divided by g?
16
Let w = -1192 + 2189. Calculate the remainder when w is divided by 50.
47
Let b(q) = -10*q + 102. Calculate the remainder when b(7) is divided by 27.
5
Let k(v) = 8*v**2 - 14*v + 1. Let z(d) = 9*d**2 - 15*d. Let x(j) = 5*k(j) - 4*z(j). What is the remainder when x(4) is divided by 5?
4
Let j = -30 - -28. Calculate the remainder when 65 is divided by (60/(-8) - 1)*j.
14
Let l = 72 + -42. Let n = l -